{"id":269,"date":"2026-02-22T19:51:14","date_gmt":"2026-02-22T19:51:14","guid":{"rendered":"https:\/\/m.centralhoteles.site\/?page_id=269"},"modified":"2026-02-26T16:46:00","modified_gmt":"2026-02-26T16:46:00","slug":"informacion","status":"publish","type":"page","link":"https:\/\/m.centralhoteles.site\/index.php\/informacion\/","title":{"rendered":"Informaci\u00f3n"},"content":{"rendered":"\n<div class=\"wp-block-uagb-separator uagb-block-cc704d6a\"><div class=\"wp-block-uagb-separator__inner\" style=\"--my-background-image:\"><\/div><\/div>\n\n\n\n<div class=\"wp-block-uagb-advanced-heading uagb-block-f4be91c0\"><h1 class=\"uagb-heading-text\">Informaci\u00f3n adicional<\/h1><\/div>\n\n\n\n<div class=\"wp-block-uagb-container uagb-block-988d3429 alignfull uagb-is-root-container\"><div class=\"uagb-container-inner-blocks-wrap\">\n<div class=\"wp-block-uagb-separator uagb-block-ba06bc84\"><div class=\"uagb-separator-spacing-wrapper\"><div class=\"wp-block-uagb-separator__inner\" style=\"--my-background-image:\"><\/div><\/div><\/div>\n\n\n\n<div class=\"wp-block-uagb-advanced-heading uagb-block-e2a307e4\"><h1 class=\"uagb-heading-text\">Hotel Z\u00f3calo Central<\/h1><\/div>\n\n\n\n<div class=\"wp-block-media-text is-stacked-on-mobile has-border-color has-ast-global-color-6-border-color has-white-background-color has-background\" style=\"border-width:21px\"><figure class=\"wp-block-media-text__media\"><img loading=\"lazy\" decoding=\"async\" width=\"1024\" height=\"512\" src=\"https:\/\/m.centralhoteles.site\/wp-content\/uploads\/2026\/02\/Cafe-central-2-1024x512.jpg\" alt=\"\" class=\"wp-image-559 size-full\" srcset=\"https:\/\/m.centralhoteles.site\/wp-content\/uploads\/2026\/02\/Cafe-central-2-1024x512.jpg 1024w, https:\/\/m.centralhoteles.site\/wp-content\/uploads\/2026\/02\/Cafe-central-2-300x150.jpg 300w, https:\/\/m.centralhoteles.site\/wp-content\/uploads\/2026\/02\/Cafe-central-2-768x384.jpg 768w, https:\/\/m.centralhoteles.site\/wp-content\/uploads\/2026\/02\/Cafe-central-2.jpg 1077w\" sizes=\"auto, (max-width: 1024px) 100vw, 1024px\" \/><\/figure><div class=\"wp-block-media-text__content\">\n<div class=\"wp-block-uagb-advanced-heading uagb-block-bd224945\"><div class=\"uagb-heading-text\">Servicio disponible las 24 horas.<br>Servicio a la habitaci\u00f3n con un costo adicional de <br>$100 MXN<br><\/div><\/div>\n<\/div><\/div>\n\n\n\n<div class=\"wp-block-media-text is-stacked-on-mobile has-border-color has-ast-global-color-6-border-color has-white-background-color has-background\" style=\"border-width:21px\"><figure class=\"wp-block-media-text__media\"><img loading=\"lazy\" decoding=\"async\" width=\"1024\" height=\"864\" src=\"https:\/\/m.centralhoteles.site\/wp-content\/uploads\/2026\/02\/dispensador-1-1024x864.jpg\" alt=\"\" class=\"wp-image-599 size-full\" srcset=\"https:\/\/m.centralhoteles.site\/wp-content\/uploads\/2026\/02\/dispensador-1-1024x864.jpg 1024w, https:\/\/m.centralhoteles.site\/wp-content\/uploads\/2026\/02\/dispensador-1-300x253.jpg 300w, https:\/\/m.centralhoteles.site\/wp-content\/uploads\/2026\/02\/dispensador-1-768x648.jpg 768w, https:\/\/m.centralhoteles.site\/wp-content\/uploads\/2026\/02\/dispensador-1.jpg 1280w\" sizes=\"auto, (max-width: 1024px) 100vw, 1024px\" \/><\/figure><div class=\"wp-block-media-text__content\">\n<div class=\"wp-block-uagb-advanced-heading uagb-block-0e664ac4\"><div class=\"uagb-heading-text\">Disponible en cortes\u00eda en cada piso.<br><\/div><\/div>\n<\/div><\/div>\n\n\n\n<div class=\"wp-block-media-text is-stacked-on-mobile has-border-color has-ast-global-color-6-border-color has-white-background-color has-background\" style=\"border-width:21px\"><figure class=\"wp-block-media-text__media\"><img loading=\"lazy\" decoding=\"async\" width=\"1024\" height=\"1024\" src=\"https:\/\/m.centralhoteles.site\/wp-content\/uploads\/2026\/02\/Wi-fi-2-1024x1024.jpg\" alt=\"\" class=\"wp-image-565 size-full\" srcset=\"https:\/\/m.centralhoteles.site\/wp-content\/uploads\/2026\/02\/Wi-fi-2-1024x1024.jpg 1024w, https:\/\/m.centralhoteles.site\/wp-content\/uploads\/2026\/02\/Wi-fi-2-300x300.jpg 300w, https:\/\/m.centralhoteles.site\/wp-content\/uploads\/2026\/02\/Wi-fi-2-150x150.jpg 150w, https:\/\/m.centralhoteles.site\/wp-content\/uploads\/2026\/02\/Wi-fi-2-768x768.jpg 768w, https:\/\/m.centralhoteles.site\/wp-content\/uploads\/2026\/02\/Wi-fi-2.jpg 1080w\" sizes=\"auto, (max-width: 1024px) 100vw, 1024px\" \/><\/figure><div class=\"wp-block-media-text__content\">\n<div class=\"wp-block-uagb-advanced-heading uagb-block-adfb89ea\"><div class=\"uagb-heading-text\">En cortes\u00eda en todo el hotel.<br><\/div><\/div>\n<\/div><\/div>\n\n\n\n<div class=\"wp-block-media-text is-stacked-on-mobile has-border-color has-ast-global-color-6-border-color has-white-background-color has-background\" style=\"border-width:21px\"><figure class=\"wp-block-media-text__media\"><img loading=\"lazy\" decoding=\"async\" width=\"1024\" height=\"1024\" src=\"https:\/\/m.centralhoteles.site\/wp-content\/uploads\/2026\/02\/Estacionamiento-3-1024x1024.jpg\" alt=\"\" class=\"wp-image-566 size-full\" srcset=\"https:\/\/m.centralhoteles.site\/wp-content\/uploads\/2026\/02\/Estacionamiento-3-1024x1024.jpg 1024w, https:\/\/m.centralhoteles.site\/wp-content\/uploads\/2026\/02\/Estacionamiento-3-300x300.jpg 300w, https:\/\/m.centralhoteles.site\/wp-content\/uploads\/2026\/02\/Estacionamiento-3-150x150.jpg 150w, https:\/\/m.centralhoteles.site\/wp-content\/uploads\/2026\/02\/Estacionamiento-3-768x768.jpg 768w, https:\/\/m.centralhoteles.site\/wp-content\/uploads\/2026\/02\/Estacionamiento-3.jpg 1080w\" sizes=\"auto, (max-width: 1024px) 100vw, 1024px\" \/><\/figure><div class=\"wp-block-media-text__content\">\n<div class=\"wp-block-uagb-advanced-heading uagb-block-bf151ed0\"><div class=\"uagb-heading-text\">Servicio exclusivo para hu\u00e9spedes y comensales, sujeto a disponibilidad.<br><br>Horario de apertura de 07:00 a.m. a 11:00 p.m.<br><br>En caso de requerir su autom\u00f3vil fuera de estos horarios, por favor informar a su Mayordomo un d\u00eda antes.<\/div><\/div>\n<\/div><\/div>\n\n\n\n<div class=\"wp-block-media-text is-stacked-on-mobile has-border-color has-ast-global-color-6-border-color has-white-background-color has-background\" style=\"border-width:21px\"><figure class=\"wp-block-media-text__media\"><img loading=\"lazy\" decoding=\"async\" width=\"1024\" height=\"1024\" src=\"https:\/\/m.centralhoteles.site\/wp-content\/uploads\/2026\/02\/Seguridad-1-1024x1024.jpg\" alt=\"\" class=\"wp-image-564 size-full\" srcset=\"https:\/\/m.centralhoteles.site\/wp-content\/uploads\/2026\/02\/Seguridad-1-1024x1024.jpg 1024w, https:\/\/m.centralhoteles.site\/wp-content\/uploads\/2026\/02\/Seguridad-1-300x300.jpg 300w, https:\/\/m.centralhoteles.site\/wp-content\/uploads\/2026\/02\/Seguridad-1-150x150.jpg 150w, https:\/\/m.centralhoteles.site\/wp-content\/uploads\/2026\/02\/Seguridad-1-768x768.jpg 768w, https:\/\/m.centralhoteles.site\/wp-content\/uploads\/2026\/02\/Seguridad-1.jpg 1080w\" sizes=\"auto, (max-width: 1024px) 100vw, 1024px\" \/><\/figure><div class=\"wp-block-media-text__content\">\n<div class=\"wp-block-uagb-advanced-heading uagb-block-d05c50ff\"><div class=\"uagb-heading-text\">Por su seguridad, se realiza el cierre de puertas de <br>11:00 p.m. a 07:00 a.m., diariamente, durante este horario, nuestro personal de seguridad solicitar\u00e1 su nombre y n\u00famero de habitaci\u00f3n para dar acceso al Hotel.<br><\/div><\/div>\n<\/div><\/div>\n\n\n\n<div class=\"wp-block-uagb-separator uagb-block-643b3c59\"><div class=\"uagb-separator-spacing-wrapper\"><div class=\"wp-block-uagb-separator__inner\" style=\"--my-background-image:\"><\/div><\/div><\/div>\n\n\n\n<div class=\"wp-block-uagb-container uagb-block-84f43b08 alignfull uagb-is-root-container\"><div class=\"uagb-container-inner-blocks-wrap\">\n<div class=\"wp-block-uagb-separator uagb-block-5e157edd\"><div class=\"uagb-separator-spacing-wrapper\"><div class=\"wp-block-uagb-separator__inner\" style=\"--my-background-image:\"><\/div><\/div><\/div>\n\n\n\n<div class=\"wp-block-uagb-advanced-heading uagb-block-209fe6d8\"><h1 class=\"uagb-heading-text\">Informaci\u00f3n adicional<\/h1><\/div>\n\n\n\n<div class=\"wp-block-uagb-advanced-heading uagb-block-7729997b\"><h1 class=\"uagb-heading-text\">Hotel Hist\u00f3rico Central<\/h1><\/div>\n\n\n\n<div class=\"wp-block-media-text is-stacked-on-mobile has-border-color has-ast-global-color-6-border-color has-white-background-color has-background\" style=\"border-width:21px\"><figure class=\"wp-block-media-text__media\"><img loading=\"lazy\" decoding=\"async\" width=\"1024\" height=\"512\" src=\"https:\/\/m.centralhoteles.site\/wp-content\/uploads\/2026\/02\/Cafe-central-2-1024x512.jpg\" alt=\"\" class=\"wp-image-559 size-full\" srcset=\"https:\/\/m.centralhoteles.site\/wp-content\/uploads\/2026\/02\/Cafe-central-2-1024x512.jpg 1024w, https:\/\/m.centralhoteles.site\/wp-content\/uploads\/2026\/02\/Cafe-central-2-300x150.jpg 300w, https:\/\/m.centralhoteles.site\/wp-content\/uploads\/2026\/02\/Cafe-central-2-768x384.jpg 768w, https:\/\/m.centralhoteles.site\/wp-content\/uploads\/2026\/02\/Cafe-central-2.jpg 1077w\" sizes=\"auto, (max-width: 1024px) 100vw, 1024px\" \/><\/figure><div class=\"wp-block-media-text__content\">\n<div class=\"wp-block-uagb-advanced-heading uagb-block-80775d1c\"><div class=\"uagb-heading-text\">Servicio disponible las 24 horas.<br>Servicio a la habitaci\u00f3n con un costo adicional de <br>$100 MXN<br><\/div><\/div>\n<\/div><\/div>\n\n\n\n<div class=\"wp-block-media-text is-stacked-on-mobile has-border-color has-ast-global-color-6-border-color has-white-background-color has-background\" style=\"border-width:21px\"><figure class=\"wp-block-media-text__media\"><img loading=\"lazy\" decoding=\"async\" width=\"1024\" height=\"864\" src=\"https:\/\/m.centralhoteles.site\/wp-content\/uploads\/2026\/02\/dispensador-1-1024x864.jpg\" alt=\"\" class=\"wp-image-599 size-full\" srcset=\"https:\/\/m.centralhoteles.site\/wp-content\/uploads\/2026\/02\/dispensador-1-1024x864.jpg 1024w, https:\/\/m.centralhoteles.site\/wp-content\/uploads\/2026\/02\/dispensador-1-300x253.jpg 300w, https:\/\/m.centralhoteles.site\/wp-content\/uploads\/2026\/02\/dispensador-1-768x648.jpg 768w, https:\/\/m.centralhoteles.site\/wp-content\/uploads\/2026\/02\/dispensador-1.jpg 1280w\" sizes=\"auto, (max-width: 1024px) 100vw, 1024px\" \/><\/figure><div class=\"wp-block-media-text__content\">\n<div class=\"wp-block-uagb-advanced-heading uagb-block-b21adbf8\"><div class=\"uagb-heading-text\">Disponible en cortes\u00eda en cada piso.<br><\/div><\/div>\n<\/div><\/div>\n\n\n\n<div class=\"wp-block-media-text is-stacked-on-mobile has-border-color has-ast-global-color-6-border-color has-white-background-color has-background\" style=\"border-width:21px\"><figure class=\"wp-block-media-text__media\"><img loading=\"lazy\" decoding=\"async\" width=\"1024\" height=\"1024\" src=\"https:\/\/m.centralhoteles.site\/wp-content\/uploads\/2026\/02\/Wi-fi-2-1024x1024.jpg\" alt=\"\" class=\"wp-image-565 size-full\" srcset=\"https:\/\/m.centralhoteles.site\/wp-content\/uploads\/2026\/02\/Wi-fi-2-1024x1024.jpg 1024w, https:\/\/m.centralhoteles.site\/wp-content\/uploads\/2026\/02\/Wi-fi-2-300x300.jpg 300w, https:\/\/m.centralhoteles.site\/wp-content\/uploads\/2026\/02\/Wi-fi-2-150x150.jpg 150w, https:\/\/m.centralhoteles.site\/wp-content\/uploads\/2026\/02\/Wi-fi-2-768x768.jpg 768w, https:\/\/m.centralhoteles.site\/wp-content\/uploads\/2026\/02\/Wi-fi-2.jpg 1080w\" sizes=\"auto, (max-width: 1024px) 100vw, 1024px\" \/><\/figure><div class=\"wp-block-media-text__content\">\n<div class=\"wp-block-uagb-advanced-heading uagb-block-16e5be0f\"><div class=\"uagb-heading-text\">En cortes\u00eda en todo el hotel.<br><\/div><\/div>\n<\/div><\/div>\n\n\n\n<div class=\"wp-block-media-text is-stacked-on-mobile has-border-color has-ast-global-color-6-border-color has-white-background-color has-background\" style=\"border-width:21px\"><figure class=\"wp-block-media-text__media\"><img loading=\"lazy\" decoding=\"async\" width=\"1024\" height=\"1024\" src=\"https:\/\/m.centralhoteles.site\/wp-content\/uploads\/2026\/02\/Estacionamiento-3-1024x1024.jpg\" alt=\"\" class=\"wp-image-566 size-full\" srcset=\"https:\/\/m.centralhoteles.site\/wp-content\/uploads\/2026\/02\/Estacionamiento-3-1024x1024.jpg 1024w, https:\/\/m.centralhoteles.site\/wp-content\/uploads\/2026\/02\/Estacionamiento-3-300x300.jpg 300w, https:\/\/m.centralhoteles.site\/wp-content\/uploads\/2026\/02\/Estacionamiento-3-150x150.jpg 150w, https:\/\/m.centralhoteles.site\/wp-content\/uploads\/2026\/02\/Estacionamiento-3-768x768.jpg 768w, https:\/\/m.centralhoteles.site\/wp-content\/uploads\/2026\/02\/Estacionamiento-3.jpg 1080w\" sizes=\"auto, (max-width: 1024px) 100vw, 1024px\" \/><\/figure><div class=\"wp-block-media-text__content\">\n<div class=\"wp-block-uagb-advanced-heading uagb-block-f7830a82\"><div class=\"uagb-heading-text\">Servicio exclusivo para hu\u00e9spedes, sujeto a disponibilidad.<br><br>Horario de apertura:<br>De domingo a jueves de 07:00 am a 10:00 pm<br>De viernes a s\u00e1bado de 07:00 am a 02:00 am<br><br>En caso de requerir su autom\u00f3vil fuera de estos horarios, por favor informar a su Mayordomo un d\u00eda antes.<\/div><\/div>\n<\/div><\/div>\n\n\n\n<div class=\"wp-block-media-text is-stacked-on-mobile has-border-color has-ast-global-color-6-border-color has-white-background-color has-background\" style=\"border-width:21px\"><figure class=\"wp-block-media-text__media\"><img loading=\"lazy\" decoding=\"async\" width=\"1024\" height=\"1024\" src=\"https:\/\/m.centralhoteles.site\/wp-content\/uploads\/2026\/02\/Seguridad-1-1024x1024.jpg\" alt=\"\" class=\"wp-image-564 size-full\" srcset=\"https:\/\/m.centralhoteles.site\/wp-content\/uploads\/2026\/02\/Seguridad-1-1024x1024.jpg 1024w, https:\/\/m.centralhoteles.site\/wp-content\/uploads\/2026\/02\/Seguridad-1-300x300.jpg 300w, https:\/\/m.centralhoteles.site\/wp-content\/uploads\/2026\/02\/Seguridad-1-150x150.jpg 150w, https:\/\/m.centralhoteles.site\/wp-content\/uploads\/2026\/02\/Seguridad-1-768x768.jpg 768w, https:\/\/m.centralhoteles.site\/wp-content\/uploads\/2026\/02\/Seguridad-1.jpg 1080w\" sizes=\"auto, (max-width: 1024px) 100vw, 1024px\" \/><\/figure><div class=\"wp-block-media-text__content\">\n<div class=\"wp-block-uagb-advanced-heading uagb-block-a186e131\"><div class=\"uagb-heading-text\">Por su seguridad, se realiza el cierre de puertas de <br>11:00 pm a 07:00 am diariamente, durante este horario, nuestro personal de seguridad solicitar\u00e1 su nombre y n\u00famero de habitaci\u00f3n para dar acceso al Hotel.<br><\/div><\/div>\n<\/div><\/div>\n<\/div><\/div>\n\n\n\n<div class=\"wp-block-uagb-separator uagb-block-92ca347d\"><div class=\"uagb-separator-spacing-wrapper\"><div class=\"wp-block-uagb-separator__inner\" style=\"--my-background-image:\"><\/div><\/div><\/div>\n<\/div><\/div>\n\n\n\n<p><\/p>\n","protected":false},"excerpt":{"rendered":"<p>Informaci\u00f3n adicional Hotel Z\u00f3calo Central Servicio disponible las 24 horas.Servicio a la habitaci\u00f3n con un costo adicional de $100 MXN [&hellip;]<\/p>\n","protected":false},"author":1,"featured_media":0,"parent":0,"menu_order":0,"comment_status":"closed","ping_status":"closed","template":"","meta":{"_uag_custom_page_level_css":"","site-sidebar-layout":"default","site-content-layout":"","ast-site-content-layout":"default","site-content-style":"default","site-sidebar-style":"default","ast-global-header-display":"","ast-banner-title-visibility":"","ast-main-header-display":"","ast-hfb-above-header-display":"","ast-hfb-below-header-display":"","ast-hfb-mobile-header-display":"","site-post-title":"disabled","ast-breadcrumbs-content":"","ast-featured-img":"","footer-sml-layout":"","ast-disable-related-posts":"","theme-transparent-header-meta":"","adv-header-id-meta":"","stick-header-meta":"","header-above-stick-meta":"","header-main-stick-meta":"","header-below-stick-meta":"","astra-migrate-meta-layouts":"default","ast-page-background-enabled":"default","ast-page-background-meta":{"desktop":{"background-color":"var(--ast-global-color-5)","background-image":"","background-repeat":"repeat","background-position":"center center","background-size":"auto","background-attachment":"scroll","background-type":"","background-media":"","overlay-type":"","overlay-color":"","overlay-opacity":"","overlay-gradient":""},"tablet":{"background-color":"","background-image":"","background-repeat":"repeat","background-position":"center center","background-size":"auto","background-attachment":"scroll","background-type":"","background-media":"","overlay-type":"","overlay-color":"","overlay-opacity":"","overlay-gradient":""},"mobile":{"background-color":"","background-image":"","background-repeat":"repeat","background-position":"center center","background-size":"auto","background-attachment":"scroll","background-type":"","background-media":"","overlay-type":"","overlay-color":"","overlay-opacity":"","overlay-gradient":""}},"ast-content-background-meta":{"desktop":{"background-color":"var(--ast-global-color-4)","background-image":"","background-repeat":"repeat","background-position":"center center","background-size":"auto","background-attachment":"scroll","background-type":"","background-media":"","overlay-type":"","overlay-color":"","overlay-opacity":"","overlay-gradient":""},"tablet":{"background-color":"var(--ast-global-color-4)","background-image":"","background-repeat":"repeat","background-position":"center center","background-size":"auto","background-attachment":"scroll","background-type":"","background-media":"","overlay-type":"","overlay-color":"","overlay-opacity":"","overlay-gradient":""},"mobile":{"background-color":"var(--ast-global-color-4)","background-image":"","background-repeat":"repeat","background-position":"center center","background-size":"auto","background-attachment":"scroll","background-type":"","background-media":"","overlay-type":"","overlay-color":"","overlay-opacity":"","overlay-gradient":""}},"footnotes":""},"class_list":["post-269","page","type-page","status-publish","hentry"],"uagb_featured_image_src":{"full":false,"thumbnail":false,"medium":false,"medium_large":false,"large":false,"1536x1536":false,"2048x2048":false},"uagb_author_info":{"display_name":"admin","author_link":"https:\/\/m.centralhoteles.site\/index.php\/author\/admin\/"},"uagb_comment_info":0,"uagb_excerpt":"Informaci\u00f3n adicional Hotel Z\u00f3calo Central Servicio disponible las 24 horas.Servicio a la habitaci\u00f3n con un costo adicional de $100 MXN [&hellip;]","_links":{"self":[{"href":"https:\/\/m.centralhoteles.site\/index.php\/wp-json\/wp\/v2\/pages\/269","targetHints":{"allow":["GET"]}}],"collection":[{"href":"https:\/\/m.centralhoteles.site\/index.php\/wp-json\/wp\/v2\/pages"}],"about":[{"href":"https:\/\/m.centralhoteles.site\/index.php\/wp-json\/wp\/v2\/types\/page"}],"author":[{"embeddable":true,"href":"https:\/\/m.centralhoteles.site\/index.php\/wp-json\/wp\/v2\/users\/1"}],"replies":[{"embeddable":true,"href":"https:\/\/m.centralhoteles.site\/index.php\/wp-json\/wp\/v2\/comments?post=269"}],"version-history":[{"count":40,"href":"https:\/\/m.centralhoteles.site\/index.php\/wp-json\/wp\/v2\/pages\/269\/revisions"}],"predecessor-version":[{"id":625,"href":"https:\/\/m.centralhoteles.site\/index.php\/wp-json\/wp\/v2\/pages\/269\/revisions\/625"}],"wp:attachment":[{"href":"https:\/\/m.centralhoteles.site\/index.php\/wp-json\/wp\/v2\/media?parent=269"}],"curies":[{"name":"wp","href":"https:\/\/api.w.org\/{rel}","templated":true}]}}